s digit of 719903182?
9
What is the ten millions digit of 50014244?
5
What is the tens digit of 41983063?
6
What is the billions digit of 2077105848?
2
What is the hundred thousands digit of 42189277?
1
What is the millions digit of 23139213?
3
What is the units digit of 57378674?
4
What is the millions digit of 79252275?
9
What is the hundreds digit of 3459505077?
0
What is the millions digit of 86412783?
6
What is the units digit of 109665329?
9
What is the ten millions digit of 4457059907?
5
What is the hundred millions digit of 101025516?
1
What is the hundred thousands digit of 39965566?
9
What is the thousands digit of 2838484780?
4
What is the tens digit of 2494686706?
0
What is the millions digit of 70516683?
0
What is the tens digit of 63908126?
2
What is the ten millions digit of 2429107517?
2
What is the ten millions digit of 4520531777?
2
What is the tens digit of 397949860?
6
What is the units digit of 2768405022?
2
What is the hundreds digit of 61150049?
0
What is the ten millions digit of 63910932?
6
What is the ten millions digit of 35436931?
3
What is the ten millions digit of 52838226?
5
What is the millions digit of 88819381?
8
What is the tens digit of 362267665?
6
What is the millions digit of 1947107383?
7
What is the millions digit of 682522095?
2
What is the tens digit of 2209526004?
0
What is the units digit of 105665352?
2
What is the tens digit of 30316847?
4
What is the thousands digit of 2136644941?
4
What is the units digit of 3739307?
7
What is the millions digit of 594982140?
4
What is the hundreds digit of 218585145?
1
What is the hundred thousands digit of 53576853?
5
What is the hundred thousands digit of 1177556211?
5
What is the tens digit of 61427539?
3
What is the ten millions digit of 1178667030?
7
What is the ten thousands digit of 324606312?
0
What is the units digit of 866830773?
3
What is the ten millions digit of 560961179?
6
What is the hundreds digit of 1119453421?
4
What is the millions digit of 216318040?
6
What is the hundreds digit of 245037574?
5
What is the tens digit of 3532691?
9
What is the units digit of 61269983?
3
What is the units digit of 57488599?
9
What is the millions digit of 416847501?
6
What is the ten millions digit of 54860749?
5
What is the hundreds digit of 33354287?
2
What is the hundred thousands digit of 10246138?
2
What is the hundred thousands digit of 313299031?
2
What is the thousands digit of 70431168?
1
What is the units digit of 171589198?
8
What is the tens digit of 79745214?
1
What is the hundred millions digit of 1660295151?
6
What is the hundred thousands digit of 344959243?
9
What is the hundreds digit of 1326892698?
6
What is the tens digit of 61442171?
7
What is the millions digit of 13230097?
3
What is the hundreds digit of 103116715?
7
What is the ten thousands digit of 3421181100?
8
What is the millions digit of 286733843?
6
What is the tens digit of 501015063?
6
What is the tens digit of 44572263?
6
What is the ten millions digit of 647693759?
4
What is the hundred thousands digit of 66247356?
2
What is the units digit of 129321284?
4
What is the ten millions digit of 111946760?
1
What is the hundred millions digit of 939319009?
9
What is the tens digit of 100523427?
2
What is the hundred thousands digit of 177989160?
9
What is the tens digit of 1816242008?
0
What is the millions digit of 44482672?
4
What is the millions digit of 2705227?
2
What is the ten thousands digit of 13431061?
3
What is the tens digit of 81244307?
0
What is the tens digit of 95281339?
3
What is the units digit of 398624497?
7
What is the ten millions digit of 842625866?
4
What is the ten thousands digit of 6398566379?
6
What is the ten thousands digit of 58987566?
8
What is the hundred millions digit of 774767655?
7
What is the hundred thousands digit of 195822191?
8
What is the hundred thousands digit of 1786148974?
1
What is the hundreds digit of 41815234?
2
What is the tens digit of 1077178771?
7
What is the units digit of 309631295?
5
What is the hundred millions digit of 193691960?
1
What is the hundred millions digit of 112390895?
1
What is the units digit of 390405954?
4
What is the ten thousands digit of 170789371?
8
What is the units digit of 2780037798?
8
What is the units digit of 242133578?
8
What is the hundreds digit of 64050829?
8
What is the ten thousands digit of 15988054?
8
What is the hundred thousands digit of 1931345728?
3
What is the ten millions digit of 180539538?
8
What is the hundred millions digit of 1544689695?
5
What is the hundred thousands digit of 607227600?
2
What is the hundred millions digit of 4443848736?
4
What is the millions digit of 76093945?
6
What is the ten millions digit of 135878107?
3
What is the units digit of 3970116052?
2
What is the ten millions digit of 280729898?
8
What is the hundreds digit of 479011528?
5
What is the ten millions digit of 94347803?
9
What is the ten thousands digit of 70738204?
3
What is the millions digit of 163532506?
3
What is the units digit of 15420234?
4
What is the hundred thousands digit of 56533050?
5
What is the thousands digit of 134511934?
1
What is the units digit of 1808201987?
7
What is the millions digit of 99781789?
9
What is the hundreds digit of 22324499?
4
What is the units digit of 91749022?
2
What is the ten thousands digit of 2045085371?
8
What is the hundreds digit of 240796244?
2
What is the hundreds digit of 21727744?
7
What is the hundreds digit of 83705997?
9
What is the units digit of 1696456736?
6
What is the thousands digit of 233814032?
4
What is the hundred thousands digit of 79829287?
8
What is the ten millions digit of 81595848?
8
What is the hundred millions digit of 811333756?
8
What is the ten millions digit of 1529853436?
2
What is the thousands digit of 883431222?
1
What is the hundred thousands digit of 238597251?
5
What is the hundreds digit of 1169788727?
7
What is the tens digit of 2995460140?
4
What is the billions digit of 2150617032?
2
What is the units digit of 158553444?
4
What is the units digit of 53801387?
7
What is the units digit of 916287541?
1
What is the ten thousands digit of 948690753?
9
What is the ten millions digit of 122541916?
2
What is the thousands digit of 6363106414?
6
What is the hundred thousands digit of 27937786?
9
What is the units digit of 48427817?
7
What is the hundred thousands digit of 741762337?
7
What is the ten thousands digit of 45084495?
8
What is the ten millions digit of 82237289?
8
What is the hundreds digit of 555201322?
3
What is the ten millions digit of 249588504?
4
What is the tens digit of 5307754560?
6
What is the ten millions digit of 201837251?
0
What is the hundred thousands digit of 113325027?
3
What is the ten millions digit of 38906821?
3
What is the hundred millions digit of 303181577?
3
What is the millions digit of 6388089254?
8
What is the hundred thousands digit of 211240414?
2
What is the thousands digit of 20411604?
1
What is the ten thousands digit of 4504829705?
2
What is the hundred thousands digit of 214347020?
3
What is the ten millions digit of 117380509?
1
What is the ten thousands digit of 33233990?
3
What is the ten thousands digit of 189066108?
6
What is the hundreds digit of 44958105?
1
What is the thousands digit of 893566385?
6
What is the ten millions digit of 564076188?
6
What is the hundred thousands digit of 48864581?
8
What is the millions digit of 338003425?
8
What is the hundred thousands digit of 654231763?
2
What is the units digit of 6317104?
4
What is the tens digit of 27063919?
1
What is the hundred thousands digit of 266587744?
5
What is the hundred thousands digit of 140213367?
2
What is the hundred millions digit of 364031261?
3
What is the billions digit of 2412339076?
2
What is the thousands digit of 849210756?
0
What is the ten thousands digit of 32373332?
7
What is the ten thousands digit of 8126116?
2
What is the ten thousands digit of 29783127?
8
What is the ten millions digit of 82892726?
8
What is the hundred thousands digit of 8721139?
7
What is the tens digit of 373993360?
6
What is the millions digit of 52180612?
2
What is the hundreds digit of 7472692894?
8
What is the tens digit of 20551232?
3
What is the hundreds digit of 710877232?
2
What is the units digit 